) = 39*x + 10. Let h(p) = -222*p - 58. Let j(r) = -5*h(r) - 29*o(r). Calculate j(q).
-21
Let j(s) = 6*s + 82. Let v be j(-13). Let b(q) = -q**2 - 2 - 18*q + v*q**2 + 38*q - 12*q - 2*q**2. Determine b(-7).
-9
Let z = 1893 + -1891. Let l(a) = -2*a**2 + a + 6. Determine l(z).
0
Let q(x) = 5*x + 104. Let n(r) = -22*r**3 - 117*r**2 + 118*r. Let h be n(1). What is q(h)?
-1
Let x(m) = -m - 24. Suppose -5*r - 4*k - 39 = 62, -8*r - k - 140 = 0. What is x(r)?
-7
Let s(i) = 2*i**3 - 2*i**2 - i. Let c(a) = -5*a**3 - a - 12. Let j(m) = c(m) + 3*s(m). What is j(6)?
-36
Let r(n) = 2*n**3 - 4*n**2 + n + 1. Let i be r(3). Let s = i + -25. Let d(b) = -5*b - 2. Let m(p) = -p. Let a(t) = d(t) - 2*m(t). Give a(s).
7
Suppose 14*o = 6*o + 64. Let v(j) = -o*j - 3*j - 87 + 99 - j**2. What is v(-11)?
12
Suppose 3*k = 4*u + 297, 4*u + 247 + 22 = -k. Let q be -1 - -64 - (-3)/3. Let p = q + u. Let x(i) = i**3 + 5*i**2 - 4*i - 2. Calculate x(p).
18
Let x(z) = -z**2 + 3*z. Let f be x(1). Let l be 1/((-7)/f - -4). Let v(y) = -y. Let i(w) = w**3 + w**2 - 2*w - 3. Let p(d) = -i(d) + 6*v(d). Give p(l).
-17
Let t(a) = -76*a**3 - 70*a**3 - 1 - 5*a**2 + 3 + 145*a**3. Let g = -16 + 19. Let p(x) = -2*x + 1. Let w be p(g). What is t(w)?
2
Let b(r) = -r**2 + 8*r + 98. Let i(l) = 3*l**2 + 2*l + 7. Let w be i(-2). Let q be b(w). Let y(d) = d**2 + 7*d - 1. Calculate y(q).
-1
Suppose -3*h - h - 4*p = 16, 2*h - p = -20. Let q(a) = -1793*a**2 + 13*a + 15. Let f(u) = 1076*u**2 - 6*u - 8. Let l(z) = -5*f(z) - 3*q(z). What is l(h)?
3
Let u(g) be the third derivative of -17*g**4/24 + 7*g**3/2 - g**2 - 58*g. Let l(c) = -5*c + 7. Let a(b) = 7*l(b) - 2*u(b). What is a(6)?
1
Let q = -84 + 81. Let n(r) = -r**3 - 5*r**2 - 7*r - 10. Let l be n(-4). Let c(o) = 7*o**l + 4*o + o + 4 + o**3 - 3*o**2. Calculate c(q).
-2
Let a(n) = 2*n**3 + 27*n + 34. Let q(s) = -2*s**3 + 17*s**2 - 26*s - 35. Let w(c) = 2*a(c) + 3*q(c). Determine w(25).
-12
Let o(y) be the third derivative of y**7/840 + y**6/45 + y**5/60 + 3*y**4/8 + 137*y**3/3 + 34*y**2 - 4. Let g(n) be the first derivative of o(n). Give g(-8).
-7
Let b = -253 - -248. Let q be (5/(-3))/(0 + b/6). Let p(s) = 2*s - 4. Calculate p(q).
0
Let g(v) = -v**2 + v - 15. Suppose -3*k + 47 = 3*c + 11, 2*k + 48 = 4*c. Suppose -5*m = l + 1, -c*m + 16*m = 2*l + 2. Give g(m).
-15
Let t(x) = -x. Suppose -2*k - 2 = -4*k. Let u(j) = -j**2 - 4*j + 3. Let w(o) = k*u(o) + 4*t(o). Suppose -268*s = -277*s - 72. Give w(s).
3
Let j(z) be the first derivative of 5*z**4 + 0*z**2 + z - 2/3*z**3 + 95. Calculate j(1).
19
Let a(w) = -w**3 + 12*w**2 - 13*w + 11. Suppose 15*r = 66 + 99. Suppose 442*x - r = 441*x. Determine a(x).
-11
Let q(v) = 1469*v**3 + 88*v**2 + v + 11. Let r(i) = 306*i**3 + 18*i**2 + 2. Let j(y) = -5*q(y) + 24*r(y). Suppose h = -2*h - 24. Determine j(h).
33
Suppose 0 = -2*p - 4*l + 11816, 2*p + 5*l = 8102 + 3709. Let m(n) = -n + 5*n - 5916 + p - 5*n. What is m(4)?
-2
Let d(q) = 2*q**2 + 49*q. Let l(o) = o**3 - 27*o**2 + 209*o - 81. Let i(v) = -5*d(v) + l(v). Give i(38).
-5
Let j(m) = m. Suppose 19 = 2*k - 2*s + 1, -3*s - 34 = -4*k. Suppose k*n = 11 + 10. Determine j(n).
3
Let m(d) be the third derivative of -1/2*d**3 - 1/8*d**4 + 0*d + 3*d**2 + 0. Suppose -4*t = -2*n - 16, 13*t = -3*n + 15*t - 12. Calculate m(n).
3
Let p(r) be the first derivative of -r**5/20 - 7*r**4/12 + 3*r**3/2 + 5*r**2/2 - 66*r + 96. Let t(d) be the first derivative of p(d). Give t(-8).
-3
Let m(r) = -206 + 55 + 83 - 3*r + 84. Give m(8).
-8
Let o(y) = 3*y**2 + y + 2. Let j(u) = 19*u**2 + 6*u + 7. Let s(c) = -j(c) + 6*o(c). Determine s(-5).
-20
Let g be 7 - 4/(-24)*13 - 2/12. Let l(r) = 4 - 6 + r - 1 + 4. Calculate l(g).
10
Let f(v) be the third derivative of -v**5/60 - 13*v**4/24 + 23*v**3/6 + 3*v**2 - 567. Give f(-15).
-7
Let x(p) = -p - 6. Let z = 1908 + -1916. Give x(z).
2
Let l(f) = -8 + 59 - 32*f - 1 - f**2 - 7 - 64. Determine l(-31).
10
Let f(q) be the second derivative of q**3/6 - q**2/2 + 2*q + 5. What is f(-2)?
-3
Let k = 31637 - 31647. Let i(q) = 5*q**2 - 9*q + 12 - 2*q**2 - 4*q**2. Give i(k).
2
Let h(w) = -2*w**2 - 21*w - 10. Let n(u) = u**2 + 11*u + 5. Let y(j) = -4*h(j) - 7*n(j). Let i be 3/((-66)/134) - (189/99)/(-21). Give y(i).
-1
Let x be (6/5)/(1/5). Let y(a) = x*a - a + 2 - 6*a - a. Give y(4).
-6
Let c be (-3)/(12/16 - 15/(-60)). Let b(a) = -11*a**2 - a + 6. Give b(c).
-90
Let i(a) = -164*a + 1159. Let b be i(7). Let o(t) = -4*t**2 + 47*t - 23. Give o(b).
10
Let k be 2/(-4 + (-45)/(-10)). Suppose k*a + 6 = -14. Let q(c) = 5*c - 6*c - 6 + 1. Calculate q(a).
0
Let p = 7 + -4. Let m(x) = -x + 4*x**2 - 1 + 2 - x - 2*x + x**p. Let l(w) = -2*w**3 - 19*w**2 - 39*w + 13. Let s be l(-6). Calculate m(s).
-4
Let v(t) be the third derivative of t**4/24 - t**3/2 + 15*t**2 + 6*t + 253. Suppose -3*a - i - 2 - 15 = 0, -8 = a - 2*i. What is v(a)?
-9
Suppose 4*a + 36 = -4*k, k - 4*k + a - 43 = 0. Let d(t) = t**2 + 13*t - 13. Calculate d(k).
-13
Let b(a) = -a**3 - 6*a**2 + 12*a + 3. Suppose 3*o = -111 + 135. Suppose 0 = -18*c + 19*c - 3*v + o, 0 = -3*c + 3*v - 24. Give b(c).
35
Let r = 556 - 554. Let x(j) = 5*j**2 + 29*j - 13. Let t(q) = q**2 + 7*q - 3. Let z(u) = 9*t(u) - 2*x(u). Give z(r).
5
Let j(v) = -v - 4. Let g be j(-5). Let h(q) = g + 1322*q**2 + 5*q**3 - 4*q**3 - 1329*q**2 - 10*q. Calculate h(8).
-15
Let y(k) be the third derivative of k**5/60 + k**4/4 + k**3/6 + 2*k**2. Let c(g) = g**3 - 9*g**2 - 405*g + 3300. Let w be c(8). Determine y(w).
-7
Let z be (0 - (2 + -4)) + -2. Let s(r) = r**3 + r**2 - 14. Let l(k) = -2*k**3 - 3*k**2 + 29. Let u(b) = 2*l(b) + 5*s(b). Give u(z).
-12
Let k(f) = 3*f**2 + 3*f - 1. Suppose 264*i - 8 = 268*i. Determine k(i).
5
Let y(c) = 3*c**2 + 5*c + 2. Let i(f) = f**2 + f - 1. Let q(p) = -2*i(p) + y(p). Let k = -309 - -312. Give q(k).
22
Let v(w) be the third derivative of w**4/6 - w**3/3 + 3*w**2. Let r(k) = -30*k**3 + k**2. Let q be r(-1). Suppose q = 5*x + 21. What is v(x)?
6
Let f(p) = p**2 - 15*p + 10. Let w be 18 - (10 + -8)*9/6. What is f(w)?
10
Let r(y) = y**3 + 8*y**2 + y + 9. Let c = 4824 + -4832. What is r(c)?
1
Let d(r) = r**2 - 7*r + 31. Suppose -140*g + 1326 = -539 + 605. Give d(g).
49
Let z(d) = -12*d - 301. Let m(n) = n + 50. Let x(i) = 6*m(i) + z(i). Determine x(7).
-43
Let i = 347 + -224. Suppose -i*r + 116*r = 35. Let a(x) = 3*x - 7. Determine a(r).
-22
Let c(g) = -1945*g**2 - g**3 - 62 + 955*g**2 + 939*g**2 + 51*g. Determine c(-52).
-10
Let x(q) = -9*q + 378 - 1201 + 390 + 326. Give x(-11).
-8
Let k(r) = -r**2 - 14*r - 30. Let m be k(-11). Suppose 3*q - 7 - 20 = 0. Let l(b) = -11*b**2 - q*b**2 + 3*b + 19*b**2 - b. Give l(m).
-3
Let m(t) = -3*t - 1. Let s(j) = -j**2 + 7*j + 11. Let b be s(8). Let k be (-15)/6*(b + -45). Let g be k/(-7)*((-12)/(-9) - 1). Calculate m(g).
14
Let m(t) = t**2 - t + 2. Let l be m(0). Suppose -3 = -3*n + g, g + 0*g = -l*n + 2. Let d(o) = 25*o**3 - 2*o + 1. Calculate d(n).
24
Let c(k) = -4*k - 4 - 5*k**2 + 3*k**2 + 1. Suppose 2*m - 5 = 6*m + h, 0 = 3*m - 5*h - 25. Suppose 40*t = -m*t - 120. Give c(t).
-9
Suppose 0 = -11*m + 7*m + 20. Let u(y) be the first derivative of -y**4/12 + 2*y**3/3 - 24*y + 36. Let z(w) be the first derivative of u(w). Determine z(m).
-5
Let z(i) = -i**2 - 9*i + 1. Suppose 12*g - 16 = 44. Suppose -18 = -f + g*n, -5*f + f - 5*n - 53 = 0. Calculate z(f).
15
Let c = -1400 - -1408. Suppose 5696*g - 5695*g - c = 0. Let f(o) be the second derivative of -o**3/2 + 7*o**2/2 + o. What is f(g)?
-17
Let v(c) be the third derivative of 5/6*c**3 - 123*c**2 + 0 + 1/60*c**5 + 0*c - 1/4*c**4. Determine v(5).
0
Let m(i) = 11*i**2 - 16. Let b(h) = -6*h**2 + 7. Let s(d) = -7*b(d) - 4*m(d). Determine s(-5).
-35
Let y(u) = -2*u - 1 + 13 + u. Let o be 4/(96/45) - 10/(-80). Let a be o*14/8 - 5/(-2). Determine y(a).
6
Suppose 5*i - 5*s = i + 15, -3*s - 9 = -3*i. Suppose -4*h = -6*h. Let c(o) = 2*o**2 - 1 + o - 3*o**2 + 6 + h. Calculate c(i).
5
Let k(w) be the third derivative of 0*w - 1/2*w**3 + 44*w**2 - 1/60*w**5 + 0 + 5/24*w**4. What is k(2)?
3
Let q(z) = 5*z - 13*z + 7*z**2 - 2 - 4 - 3. Let w(j) = 6*j**2 - 7*j - 8. Let p(f) = 5*q(f) - 6*w(f). Give p(-2).
-5
Suppose -2*v + 46 = 4*a, 2*a + a = -4*v + 22. Let u = a + 0. Let g(k) = -10*k + 8*k + u*k + 2*k. Give g(-1).
-14
Let n(h) be the third derivative of h**5/3